ate the greatest common divisor of 26 and 1432088359.
13
What is the greatest common factor of 25 and 6898370?
5
What is the highest common factor of 3076870 and 10?
10
Calculate the highest common factor of 81164 and 5150.
206
What is the greatest common divisor of 3780 and 36862140?
420
Calculate the highest common divisor of 38 and 855641611.
19
Calculate the greatest common factor of 229426028 and 1937.
1937
Calculate the highest common factor of 9959 and 1066211.
23
Calculate the greatest common divisor of 18 and 2997186.
6
Calculate the greatest common divisor of 5321431 and 2993.
41
Calculate the highest common factor of 9822 and 187143477.
4911
Calculate the greatest common factor of 4064 and 14792672.
32
Calculate the greatest common divisor of 1912896 and 3408.
48
Calculate the highest common divisor of 797543271 and 537.
537
Calculate the greatest common factor of 1820880 and 4016.
16
What is the highest common factor of 233 and 33461363?
233
What is the greatest common factor of 2914099 and 22419?
53
Calculate the greatest common divisor of 2883217 and 2108.
527
What is the highest common factor of 659028 and 204?
12
What is the greatest common factor of 1482850 and 5405?
235
What is the greatest common factor of 4641 and 7759479?
273
What is the greatest common factor of 4 and 9958444?
4
What is the highest common factor of 36941 and 1350599?
901
What is the greatest common divisor of 280 and 38689820?
20
What is the highest common divisor of 622993565 and 3070?
1535
What is the highest common factor of 1802 and 2414?
34
What is the highest common divisor of 909783 and 8175669?
6189
Calculate the highest common divisor of 5 and 17161015.
5
What is the highest common divisor of 726 and 40886626?
242
Calculate the highest common factor of 113440 and 47680.
160
Calculate the highest common divisor of 772268 and 2324.
28
Calculate the highest common divisor of 3194792 and 873.
97
What is the highest common divisor of 1633183 and 1634?
817
What is the greatest common divisor of 63 and 106600284?
63
Calculate the highest common divisor of 10279167 and 426.
213
What is the highest common factor of 83353236 and 51?
3
Calculate the greatest common factor of 10071 and 1079433.
27
Calculate the highest common divisor of 7422 and 73534702.
2474
Calculate the greatest common factor of 6548887 and 267.
89
Calculate the highest common divisor of 54223 and 3944863.
559
Calculate the greatest common divisor of 88480 and 11080160.
1120
Calculate the highest common divisor of 55 and 23950993.
11
Calculate the greatest common divisor of 16341 and 87048.
39
Calculate the greatest common factor of 55478 and 206.
2
Calculate the highest common divisor of 909 and 258142668.
303
What is the highest common factor of 98 and 5593007?
49
What is the highest common factor of 4206 and 429347078?
1402
What is the highest common divisor of 159400 and 116?
4
Calculate the greatest common factor of 252 and 39357801.
63
What is the greatest common divisor of 6957531 and 504?
63
What is the highest common divisor of 25935910 and 22750?
910
Calculate the greatest common divisor of 149671 and 13483.
97
Calculate the greatest common factor of 52525 and 5165.
5
Calculate the greatest common factor of 192 and 882996.
12
Calculate the greatest common divisor of 4344 and 542361432.
4344
What is the greatest common divisor of 273 and 221871?
39
Calculate the greatest common divisor of 238423653 and 234.
117
Calculate the greatest common divisor of 692792 and 113.
1
Calculate the highest common factor of 332599 and 10868477.
10729
What is the highest common factor of 11430375 and 6875?
1375
What is the highest common factor of 138 and 21688494?
138
What is the greatest common factor of 11 and 16115011?
11
What is the highest common divisor of 33201 and 14957586?
1071
Calculate the greatest common divisor of 35571754 and 46.
46
What is the highest common factor of 126755 and 136795?
1255
Calculate the greatest common factor of 245 and 16119925.
5
Calculate the highest common factor of 34496000 and 49500.
5500
Calculate the greatest common factor of 208651525 and 4190.
2095
What is the highest common factor of 72 and 24101568?
72
Calculate the highest common divisor of 5152 and 609950432.
5152
What is the greatest common divisor of 84 and 4753399?
7
Calculate the highest common divisor of 878672918 and 237.
79
What is the highest common divisor of 7071834 and 63?
21
What is the greatest common divisor of 11 and 57757656?
11
Calculate the highest common divisor of 3392766 and 2916.
1458
Calculate the highest common divisor of 702939468 and 222.
222
What is the greatest common divisor of 19058 and 64662?
26
What is the highest common factor of 10569269 and 19496?
2437
Calculate the highest common divisor of 257372110 and 1304.
326
What is the greatest common factor of 32635367 and 115?
23
Calculate the highest common divisor of 9919152 and 372.
12
Calculate the greatest common factor of 4743 and 12181419.
279
What is the highest common divisor of 2920850 and 850?
50
Calculate the greatest common divisor of 1930418 and 7854.
238
What is the highest common divisor of 855 and 862695?
855
Calculate the highest common factor of 66 and 86279842.
22
What is the highest common divisor of 45 and 22797675?
45
What is the highest common divisor of 67608 and 66816736?
2504
Calculate the highest common factor of 81866345 and 8360.
1045
Calculate the greatest common factor of 1764336 and 295836.
1068
What is the greatest common divisor of 238799320 and 8940?
2980
What is the greatest common factor of 190484360 and 32472?
3608
What is the highest common divisor of 55 and 1598168?
11
Calculate the greatest common factor of 1370 and 56733070.
1370
Calculate the highest common divisor of 65 and 363857.
13
What is the highest common divisor of 608 and 70971536?
304
Calculate the highest common factor of 725 and 460838710.
145
Calculate the greatest common factor of 11092 and 82364.
236
Calculate the greatest common factor of 1050 and 88320204.
42
What is the highest common divisor of 13 and 3290012063?
13
Calculate the greatest common factor of 538316 and 36108.
236
What is the greatest common divisor of 50344 and 3841768?
1736
What is the greatest common divisor of 4419 and 37413218?
491
What is the greatest common factor of 139477 and 6994?
13
Calculate the greatest common divisor of 7669142 and 6222.
34
Calculate the greatest common divisor of 487948 and 57511.
199
Calculate the greatest common factor of 1925 and 1154275.
25
Calculate the greatest common factor of 4524 and 1311024.
156
What is the greatest common divisor of 288347 and 3111671?
1769
What is the highest common divisor of 17093 and 263?
1
What is the greatest common factor of 3 and 5777913?
3
What is the greatest common factor of 54 and 73910394?
54
Calculate the highest common factor of 180273854 and 3972.
662
What is the highest common factor of 8600 and 31722200?
200
Calculate the highest common factor of 4365581 and 715.
11
Calculate the highest common divisor of 2485 and 1742482.
497
What is the greatest common divisor of 357 and 1764698838?
357
What is the greatest common divisor of 79807 and 8554?
91
What is the greatest common divisor of 16875 and 1738395?
135
What is the highest common divisor of 25750720 and 2560?
320
Calculate the greatest common divisor of 100 and 34835750.
50
What is the highest common divisor of 804006 and 189378?
1134
What is the greatest common factor of 640 and 6806016?
128
Calculate the highest common divisor of 375 and 3079425.
75
Calculate the greatest common divisor of 19789 and 55979.
77
What is the greatest common factor of 101 and 485870701?
101
What is the greatest common factor of 2997 and 4136822?
37
Calculate the highest common divisor of 3147 and 352939197.
3147
What is the highest common factor of 6 and 62417646?
6
Calculate the greatest common divisor of 4192 and 921978.
262
Calculate the greatest common divisor of 227988047 and 28.
7
What is the greatest common factor of 1843 and 828571?
19
Calculate the highest common factor of 344785 and 805.
35
Calculate the greatest common divisor of 21020118 and 14.
14
Calculate the greatest common divisor of 117319460 and 70.
10
What is th